39
In base 15, what is c56 - -11?
c67
In base 14, what is 5 - -11b021?
11b026
In base 9, what is 41784 - -16?
41811
In base 14, what is 5 - 6ad9?
-6ad4
In base 9, what is -23471 + 2?
-23468
In base 6, what is -30 + -104?
-134
In base 13, what is -144 - 35?
-179
In base 8, what is -240272 + 6?
-240264
In base 9, what is -3 - 667874?
-667877
In base 8, what is -3 - -67511?
67506
In base 12, what is -5b + 198?
139
In base 2, what is 10010100010 - -11001?
10010111011
In base 10, what is 29 - -28?
57
In base 7, what is -651633 - 126?
-652062
In base 6, what is -1321 - 214?
-1535
In base 5, what is 2443012 + 32?
2443044
In base 10, what is -5 - 33505?
-33510
In base 15, what is 4a - 10656?
-1060b
In base 9, what is -2222 + -2?
-2224
In base 10, what is -178 - 192?
-370
In base 5, what is 4311 - -24?
4340
In base 8, what is 3061021 - -5?
3061026
In base 9, what is 2368062 + 4?
2368066
In base 3, what is -10011 - 220221002?
-221001020
In base 5, what is -4140010 - 2?
-4140012
In base 2, what is -10111000100 + -10000111?
-11001001011
In base 16, what is -3 + 58675?
58672
In base 9, what is 25607 + -3?
25604
In base 12, what is -21172 - -39?
-21135
In base 13, what is -69124 - 0?
-69124
In base 6, what is -1341 - -551?
-350
In base 11, what is 1 - -1867?
1868
In base 5, what is -101042 - -3412?
-42130
In base 14, what is -24c7 + 37b?
-214a
In base 3, what is 121020 - 211200?
-20110
In base 3, what is 2012 - -1010102?
1012121
In base 16, what is -4 - c731?
-c735
In base 16, what is -1a - ff5?
-100f
In base 13, what is 142 - 9c?
73
In base 15, what is 6d19 - 8?
6d11
In base 13, what is -19a66 - 5?
-19a6b
In base 12, what is -2b0 - -2b7?
7
In base 8, what is -14 + -310451?
-310465
In base 14, what is 69928 + 0?
69928
In base 10, what is 0 + -13842?
-13842
In base 15, what is -1 - -410c?
410b
In base 15, what is 25ad - -e3?
26a1
In base 3, what is 221 - 100112?
-22121
In base 5, what is 0 + 1104003?
1104003
In base 4, what is 121000 + 1322?
122322
In base 2, what is -1000101011011 + 10111?
-1000101000100
In base 13, what is 152106 + -4?
152102
In base 11, what is -876 + 2745?
197a
In base 8, what is 12 - 4277?
-4265
In base 6, what is -42 - -412234?
412152
In base 14, what is 1d4 + -1b3?
21
In base 8, what is 76 - 14006?
-13710
In base 15, what is 29 + a9?
d3
In base 3, what is 2202001 + 1101?
2210102
In base 15, what is -2a28a + 2?
-2a288
In base 13, what is 3 + -829?
-826
In base 6, what is -21 + 43244?
43223
In base 14, what is -20 - 1724?
-1744
In base 4, what is 101 - 3001321?
-3001220
In base 15, what is -5be3ad - -5?
-5be3a8
In base 15, what is -217c - a?
-2187
In base 4, what is -2101 - 131121?
-133222
In base 5, what is -413414 + 32?
-413332
In base 6, what is -22133 - 204?
-22341
In base 10, what is 3 - 704456?
-704453
In base 10, what is 1 + -30571?
-30570
In base 4, what is 10 - -131221330?
131222000
In base 11, what is 5 + 14975?
1497a
In base 2, what is 1 - 1110010000100111010?
-1110010000100111001
In base 12, what is 0 + -31a?
-31a
In base 9, what is -247 + 73?
-164
In base 5, what is -3313234 - -13?
-3313221
In base 16, what is 40179 - f?
4016a
In base 9, what is -188 + 16060?
15761
In base 10, what is -4 + 597019?
597015
In base 8, what is 324246 + -7?
324237
In base 6, what is -5 + 434111?
434102
In base 13, what is -1a459 + ca?
-1a35c
In base 14, what is -7072 - 8?
-707a
In base 4, what is -33331 + 1221?
-32110
In base 5, what is -31 - 10400140?
-10400221
In base 15, what is 29a + -4?
296
In base 5, what is -32023 + -33?
-32111
In base 14, what is 10 - 1559?
-1549
In base 13, what is 1a643 - 3?
1a640
In base 11, what is -174 - -282?
109
In base 14, what is -4 - -2866?
2862
In base 10, what is 2 - 341658?
-341656
In base 14, what is -9d89 + 4?
-9d85
In base 9, what is 1 - 32001?
-32000
In base 9, what is -45 - -217?
162
In base 10, what is 13 - 2198?
-2185
In base 4, what is 1130 + 2222112?
2223302
In base 16, what is 7 + -cc80?
-cc79
In base 11, what is 1206 + -106?
1100
In base 9, what is 137 - -158?
306
In base 14, what is -14 + 14?
0
In base 4, what is 11 + -3231233?
-3231222
In base 11, what is 33a5 + 5?
33aa
In base 15, what is -1160d + -c?
-1161a
In base 4, what is 132203 - 1001?
131202
In base 9, what is 7 - -21006?
21014
In base 6, what is -2 + 145425?
145423
In base 7, what is -36206 + 31?
-36145
In base 10, what is 3 - -38430?
38433
In base 14, what is -c76a4 - 5?
-c76a9
In base 7, what is 42 - -2664?
3036
In base 14, what is 22d - -170?
39d
In base 10, what is 17924 - -11?
17935
In base 2, what is -1 + -10101010010000000?
-10101010010000001
In base 9, what is -43676 - 30?
-43716
In base 9, what is -6001 + -1?
-6002
In base 8, what is -107063 + 21?
-107042
In base 15, what is 3 + -5a5?
-5a2
In base 11, what is -2922 + -461?
-3283
In base 7, what is -144323 - -46?
-144244
In base 9, what is 384134 + -1?
384133
In base 11, what is -134a9 - -4?
-134a5
In base 14, what is -24701 - -12?
-246cd
In base 10, what is 365 - -4855?
5220
In base 3, what is 210 - -102111000?
102111210
In base 11, what is -477 + 299?
-189
In base 6, what is -450224 - 22?
-450250
In base 14, what is -29c57 - -13?
-29c44
In base 9, what is 4277 - 22?
4255
In base 3, what is 1010 + -120100021?
-120022011
In base 7, what is 561 + 143?
1034
In base 12, what is 14083 + -55?
1402a
In base 7, what is -2 - 12352?
-12354
In base 9, what is 22236 - -4?
22241
In base 9, what is 1273 - -41?
1324
In base 13, what is -a3a70 - 2?
-a3a72
In base 16, what is -8c + -1fd?
-289
In base 10, what is 93 - 4?
89
In base 9, what is -51546 + -1?
-51547
In base 10, what is -587 + 4247?
3660
In base 10, what is 342995 + 2?
342997
In base 4, what is 20123 - -122001?
202130
In base 8, what is -5 - 23177?
-23204
In base 9, what is -13 - -27606?
27583
In base 14, what is -202 - 2b?
-22d
In base 11, what is -91a3 + 2?
-91a1
In base 13, what is 5 + 2021?
2026
In base 9, what is 4515 - 41?
4464
In base 10, what is 1 - -15142?
15143
In base 16, what is 3 - 85e5?
-85e2
In base 8, what is 225664 - -32?
225716
In base 5, what is 244304143 - 2?
244304141
In base 7, what is -5062 - 21?
-5113
In base 8, what is 4 - -12314?
12320
In base 16, what is -2377e - 5?
-23783
In base 12, what is -54 - 27a?
-312
In base 8, what is -412142 - 7?
-412151
In base 12, what is 3 - -7040?
7043
In base 9, what is 1220 - 30?
1180
In base 6, what is -3350 - 51354?
-55144
In base 5, what is 10444 + -1010?
4434
In base 7, what is 2 + -234142?
-234140
In base 4, what is -10013 + -13200?
-23213
In base 12, what is -2 + -5b92?
-5b94
In base 4, what is 130232 - 300?
123332
In base 12, what is -1126 - 2?
-1128
In base 3, what is -2210 - -122021100?
122011120
In base 16, what is -88 - -168?
e0
In base 9, what is 464 - 804?
-330
In base 9, what is -5343 + -6?
-5350
In base 7, what is 16100 - 166?
15601
In base 5, what is 43 + -14342423?
-14342330
In base 5, what is 11031 - 12334?
-1303
In base 14, what is 1d613 - 3?
1d610
In base 4, what is 0 - -1330313303?
1330313303
In base 10, what is -1927 + -10?
-1937
In base 9, what is 11804 - -230?
12134
In base 6, what is 1 + 21551?
21552
In base 10, what is -10440 + -16?
-10456
In base 13, what is 529bc + 1?
529c0
In base 4, what is -230020330 + 1?
-230020323
In base 3, what is -120122222 + 102?
-120122120
In base 10, what is 6035 + 3?
6038
In base 10, what is 189 - 852?
-663
In base 15, what is -16 + 1d49?
1d33
In base 11, what is 4 - -1386a?
13873
In base 12, what is -5 + -261589?
-261592
In base 4, what is -101 - 3301222?
-3301323
In base 12, what is 216a + 12?
2180
In base 7, what is -6355 - 0?
-6355
In base 8, what is 517 - 321?
176
In base 15, what is -d8b + 6?
-d85
In base 12, what is 14726 + 5?
1472b
In base 14, what is 3 + 626?
629
In base 2, what is 1001000010111 + -1010?
1001000001101
In base 5, what is -11430 - -41212?
24232
In base 3, what is -121120010 + -1?
-121120011
In base 13, what is 2a + -339?
-30c
In base 14, what is -1637 + -b09?
-2342
In base 12, what is 1 + -359baa?
-359ba9
In base 5, what is 3404110 + 2?
3404112
In base 8, what is -12047307 + 2?
-12047305
In base 5, what is 3334 + -102?
3232
In base 9, what is -20 - 56?
-76
In base 8, what is 13452021 - -2?
13452023
In base 12, what is -2a - b8?
-126
In base 3, what is -12 + 2210120121202?
2210120121120
In b